3
1e (base 15) to base 13
23
What is -e (base 16) in base 7?
-20
Convert 31 (base 7) to base 14.
18
1 (base 16) to base 13
1
26 (base 11) to base 15
1d
Convert 101101000 (base 2) to base 12.
260
Convert 32 (base 14) to base 9.
48
Convert -2121 (base 3) to base 16.
-46
What is 55 (base 10) in base 2?
110111
-dc (base 14) to base 6
-522
Convert -2 (base 11) to base 15.
-2
9b (base 15) to base 14
a6
10 (base 2) to base 11
2
What is -a5 (base 11) in base 12?
-97
What is -13 (base 12) in base 3?
-120
What is 68 (base 11) in base 6?
202
What is 3 (base 12) in base 10?
3
Convert -4 (base 15) to base 6.
-4
Convert 64 (base 7) to base 6.
114
What is -28 (base 11) in base 3?
-1010
Convert 6 (base 16) to base 5.
11
-32 (base 4) to base 2
-1110
What is 10021 (base 3) in base 14?
64
4 (base 7) to base 11
4
Convert 34 (base 6) to base 8.
26
What is 8 (base 9) in base 13?
8
0 (base 10) to base 16
0
Convert -1 (base 11) to base 12.
-1
Convert 4 (base 14) to base 8.
4
3 (base 15) to base 13
3
57 (base 11) to base 14
46
Convert 1 (base 5) to base 6.
1
Convert -14 (base 9) to base 14.
-d
Convert -70 (base 14) to base 11.
-8a
203 (base 9) to base 10
165
-3 (base 11) to base 2
-11
What is -156 (base 13) in base 16?
-f0
What is 17 (base 14) in base 16?
15
-b (base 14) to base 9
-12
What is -12 (base 16) in base 9?
-20
Convert -3 (base 7) to base 6.
-3
Convert 114 (base 7) to base 4.
330
2 (base 11) to base 7
2
Convert -130 (base 11) to base 3.
-12201
What is -221 (base 9) in base 15?
-c1
What is 16 (base 15) in base 9?
23
Convert 20 (base 11) to base 16.
16
Convert 22 (base 6) to base 5.
24
What is 2 (base 6) in base 10?
2
What is 3a (base 13) in base 14?
37
What is -4 (base 8) in base 15?
-4
-6 (base 12) to base 4
-12
Convert 10 (base 2) to base 10.
2
Convert -30 (base 4) to base 2.
-1100
Convert -15 (base 6) to base 7.
-14
What is d (base 15) in base 4?
31
Convert 32 (base 4) to base 7.
20
Convert 370 (base 10) to base 11.
307
Convert 33 (base 12) to base 8.
47
-1 (base 10) to base 2
-1
6 (base 8) to base 2
110
-3 (base 5) to base 7
-3
-5 (base 9) to base 2
-101
-1 (base 13) to base 15
-1
-c3 (base 15) to base 9
-223
0 (base 15) to base 13
0
Convert -8 (base 15) to base 10.
-8
-173 (base 9) to base 11
-124
-10 (base 7) to base 3
-21
Convert 28 (base 16) to base 11.
37
Convert -3 (base 9) to base 2.
-11
What is 200 (base 5) in base 2?
110010
4 (base 5) to base 15
4
76 (base 12) to base 13
6c
Convert e (base 15) to base 5.
24
What is 327 (base 8) in base 10?
215
What is 1 (base 8) in base 9?
1
Convert -440 (base 8) to base 11.
-242
4 (base 5) to base 8
4
What is -21 (base 7) in base 11?
-14
Convert -1101010 (base 2) to base 16.
-6a
What is 3 (base 7) in base 12?
3
What is -1 (base 11) in base 7?
-1
Convert 85 (base 12) to base 10.
101
Convert -6 (base 13) to base 8.
-6
What is 3 (base 10) in base 2?
11
Convert -11 (base 3) to base 8.
-4
What is -1 (base 10) in base 3?
-1
165 (base 10) to base 6
433
-400 (base 6) to base 3
-12100
1a (base 13) to base 15
18
8 (base 14) to base 2
1000
What is 34 (base 13) in base 9?
47
What is -20 (base 3) in base 13?
-6
Convert 174 (base 11) to base 10.
202
Convert 4 (base 11) to base 15.
4
Convert 202 (base 8) to base 13.
a0
What is -32 (base 4) in base 13?
-11
What is 31 (base 16) in base 15?
34
20 (base 3) to base 6
10
-1000 (base 2) to base 11
-8
-1 (base 16) to base 3
-1
Convert -127 (base 8) to base 11.
-7a
What is 37 (base 12) in base 3?
1121
What is -1 (base 15) in base 9?
-1
206 (base 11) to base 6
1052
What is -13 (base 5) in base 4?
-20
-2 (base 16) to base 5
-2
Convert 102 (base 8) to base 14.
4a
What is -5 (base 10) in base 15?
-5
-4 (base 10) to base 3
-11
What is -14 (base 12) in base 16?
-10
-1f (base 16) to base 8
-37
12 (base 8) to base 2
1010
-1 (base 16) to base 12
-1
What is -2f (base 16) in base 5?
-142
What is -28 (base 9) in base 15?
-1b
What is 42 (base 15) in base 4?
332
What is -e3 (base 15) in base 13?
-135
Convert 4 (base 15) to base 10.
4
What is -1 (base 4) in base 14?
-1
Convert 166 (base 7) to base 15.
67
101 (base 2) to base 11
5
Convert 4 (base 16) to base 6.
4
What is -75 (base 12) in base 4?
-1121
Convert 1 (base 4) to base 7.
1
What is 31 (base 13) in base 7?
55
86 (base 16) to base 8
206
What is -3 (base 5) in base 9?
-3
3 (base 9) to base 14
3
3 (base 8) to base 10
3
What is -212 (base 3) in base 16?
-17
Convert -8 (base 12) to base 9.
-8
What is 244 (base 9) in base 10?
202
-10 (base 2) to base 14
-2
Convert 11 (base 4) to base 12.
5
13 (base 11) to base 9
15
What is 1a (base 16) in base 9?
28
What is c4 (base 13) in base 16?
a0
-10 (base 6) to base 5
-11
What is -100001 (base 2) in base 11?
-30
What is -200 (base 5) in base 4?
-302
Convert -2 (base 16) to base 10.
-2
-11111100 (base 2) to base 13
-165
What is -6 (base 10) in base 3?
-20
Convert 17 (base 10) to base 7.
23
-77 (base 12) to base 3
-10101
131 (base 5) to base 11
38
0 (base 12) to base 15
0
Convert 143 (base 5) to base 13.
39
What is 14 (base 6) in base 8?
12
What is -3 (base 11) in base 6?
-3
-30 (base 6) to base 11
-17
What is 7 (base 13) in base 8?
7
Convert 0 (base 6) to base 2.
0
Convert 5 (base 12) to base 16.
5
What is -110 (base 3) in base 9?
-13
What is -e (base 15) in base 7?
-20
Convert -1 (base 3) to base 6.
-1
21 (base 3) to base 5
12
Convert -29 (base 15) to base 3.
-1110
-2 (base 3) to base 6
-2
What is 0 (base 15) in base 10?
0
Convert 3 (base 15) to base 16.
3
-2 (base 7) to base 2
-10
What is 50 (base 7) in base 10?
35
Convert -3 (base 7) to base 15.
-3
What is -132 (base 13) in base 3?
-21210
What is 1120 (base 4) in base 6?
224
Convert 11 (base 12) to base 7.
16
114 (base 5) to base 2
100010
Convert -35 (base 8) to base 13.
-23
What is 1010101 (base 2) in base 5?
320
Convert 1101101 (base 2) to base 9.
131
Convert -1c5 (base 13) to base 2.
-101001010
What is 2 (base 8) in base 4?
2
Convert -1020 (base 3) to base 11.
-30
What is -b (base 15) in base 6?
-15
Convert 3 (base 14) to base 11.
3
What is -4 (base 10) in base 11?
-4
Convert 3 (base 13) to base 4.
3
What is -2 (base 15) in base 12?
-2
Convert -110110 (base 2) to base 5.
-204
Convert -23 (base 4) to base 3.
-102
What is 31 (base 15) in base 13?
37
10 (base 7) to base 2
111
What is cc (base 14) in base 12?
130
What is 20 (base 4) in base 5?
13
Convert 1 (base 14) to base 13.
1
Convert 21 (base 15) to base 13.
25
Convert 2010 (base 3) to base 9.
63
-15 (base 14) to base 12
-17
What is -129 (base 10) in base 11?
-108
What is 18 (base 12) in base 11?
19
1011 (base 7) to base 13
210
Convert 0 (base 7) to base 8.
0
What is -4 (base 13) in base 12?
-4
Convert 40 (base 6) to base 9.
26
Convert e (base 16) to base 11.
13
What is -132 (base 8) in base 15?
-60
What is 81 (base 16) in base 3?
11210
Convert a4 (base 15) to base 4.
2122
Convert -28 (base 10) to base 14.
-20
What is 7 (base 15) in base 9?
7
What is -2 (base 7) in base 9?
-2
Convert -1110 (base 3) to base 6.
-103
-102 (base 6) to base 15
-28
What is 10 (base 2) in base 7?
2
-15 (base 7) to base 16
-c
Convert -50 (base 9) to base 5.
-140
24 (base 12) to base 10
28
What is -10 (base 3) in base 4?
-3
What is -2 (base 16) in base 8?
-2
What is 2 (base 13) in base 8?
2
2012 (base 5) to base 3
100112
Convert -3 (base 15) to base 9.
-3
What is 110110 (base 2) in base 9?
60
Convert -1001 (base 2) to base 5.
-14
3 (base 10) to base 8
3
What is -11001 (base 2) in base 10?
-25
3 (base 9) to base 6
3
Convert 5 (base 8) to base 10.
5
Convert -206 (base 8) to base 3.
-11222
-2221 (base 3) to base 11
-72
-10 (base 8) to base 3
-22
What is 1010110 (base 2) in base 16?
56
6 (base 13) to base 3
20
What is -33 (base 4) in base 9?
-16
Convert 4 (base 9) to base 11.
4
Convert 0 (base 14) to base 16.
0
1111100 (base 2) to base 13
97
What is -16 (base 12) in base 10?
-18
Convert 1 (base 6) to base 4.
1
Convert 111 (base 2) to base 4.
13
Convert -3 (base 16) to base 14.
-3
18 (base 10) to base 5
33
0 (base 7) to base 3
0
76 (base 10) to base 4
1030
Convert -1 (base 8) to base 12.
-1
Convert 124 (base 7) to base 13.
52
What is 1 (base 15) in base 16?
1
What is 0 (base 14) in base 2?
0
What is 5 (base 8) in base 2?
101
Convert 6 (base 12) to base 9.
6
10001100 (base 2) to base 10
140
What is -8 (base 15) in base 5?
-13
What 